{"id":6922,"date":"2023-11-19T10:39:22","date_gmt":"2023-11-19T10:39:22","guid":{"rendered":"https:\/\/demo.wpzoom.com\/inspiro-lite-blocks-xml\/?page_id=6922"},"modified":"2026-04-07T08:36:03","modified_gmt":"2026-04-07T07:36:03","slug":"homepage","status":"publish","type":"page","link":"https:\/\/talleresjuaniayora.com\/","title":{"rendered":"Inicio"},"content":{"rendered":"\n<div class=\"wp-block-cover alignfull\" style=\"min-height:100vh;aspect-ratio:unset;\"><img loading=\"lazy\" decoding=\"async\" width=\"397\" height=\"298\" class=\"wp-block-cover__image-background wp-image-65 size-full\" alt=\"\" src=\"https:\/\/talleresjuaniayora.com\/wp-content\/uploads\/2026\/03\/2020-01-30.jpg\" data-object-fit=\"cover\" srcset=\"https:\/\/talleresjuaniayora.com\/wp-content\/uploads\/2026\/03\/2020-01-30.jpg 397w, https:\/\/talleresjuaniayora.com\/wp-content\/uploads\/2026\/03\/2020-01-30-300x225.jpg 300w\" sizes=\"auto, (max-width: 397px) 100vw, 397px\" \/><span aria-hidden=\"true\" class=\"wp-block-cover__background has-background-dim wp-block-cover__gradient-background has-background-gradient\" style=\"background:linear-gradient(185deg,rgb(0,0,0) 0%,rgba(0,0,0,0.53) 100%)\"><\/span><div class=\"wp-block-cover__inner-container has-global-padding is-layout-constrained wp-block-cover-is-layout-constrained\">\n<h1 class=\"wp-block-heading has-text-align-center has-white-color has-text-color has-max-72-font-size sombra-texto\">\n<strong>\nTalleres Juani Ayora S.R.L.<\/strong><\/h1>\n\n\n\n<hr class=\"wp-block-separator has-text-color has-alpha-channel-opacity has-background is-style-default\" style=\"margin-top:var(--wp--preset--spacing--x-small);margin-bottom:var(--wp--preset--spacing--x-small);background-color:#ffffff47;color:#ffffff47\"\/>\n\n\n\n<div style=\"height:25px\" aria-hidden=\"true\" class=\"wp-block-spacer\"><\/div>\n\n\n\n<p class=\"has-text-align-center has-white-color has-text-color has-medium-font-size sombra-texto\">\nEn Talleres Juani, somos un equipo de profesionales con experiencia en el sector, dedicados a ofrecer un servicio cercano, r\u00e1pido y de calidad. Nos apasiona nuestro trabajo y creemos en la importancia de la confianza y la transparencia con cada cliente.<br>Nos especializamos en la reparaci\u00f3n y venta de maquinaria agr\u00edcola, foresta, veh\u00edculos industriales y turismo.\n<\/p>\n<\/div><\/div>\n\n\n\n<div class=\"wp-block-group alignfull pattern_multiple_covers has-background-background-color has-background has-global-padding is-layout-constrained wp-block-group-is-layout-constrained\" id=\"services\">\n<div style=\"height:84px\" aria-hidden=\"true\" class=\"wp-block-spacer\"><\/div>\n\n\n\n<p class=\"has-text-align-left has-secondary-color has-text-color\" style=\"letter-spacing:1px\">Con\u00f3zcanos<\/p>\n\n\n\n<h2 class=\"wp-block-heading has-text-align-left\">Nuestros servicios<\/h2>\n\n\n\n<p class=\"has-text-align-left\">En Talleres Juani, ofrecemos una amplia variedad de servicios para cubrir tus necesidades, como:<\/p>\n\n\n\n<div style=\"height:46px\" aria-hidden=\"true\" class=\"wp-block-spacer\"><\/div>\n\n\n\n<div class=\"wp-block-columns is-layout-flex wp-container-core-columns-is-layout-28f84493 wp-block-columns-is-layout-flex\">\n<div class=\"wp-block-column is-layout-flow wp-block-column-is-layout-flow\" style=\"padding-top:0;padding-right:0;padding-bottom:0;padding-left:0\">\n<div class=\"wp-block-cover has-custom-content-position is-position-bottom-left\" style=\"padding-top:var(--wp--preset--spacing--small);padding-right:var(--wp--preset--spacing--x-small);padding-bottom:var(--wp--preset--spacing--small);padding-left:var(--wp--preset--spacing--x-small)\"><img loading=\"lazy\" decoding=\"async\" width=\"334\" height=\"450\" class=\"wp-block-cover__image-background wp-image-69 size-full\" alt=\"\" src=\"https:\/\/talleresjuaniayora.com\/wp-content\/uploads\/2026\/03\/Captura-de-pantalla-2026-03-06-125614.png\" data-object-fit=\"cover\" srcset=\"https:\/\/talleresjuaniayora.com\/wp-content\/uploads\/2026\/03\/Captura-de-pantalla-2026-03-06-125614.png 334w, https:\/\/talleresjuaniayora.com\/wp-content\/uploads\/2026\/03\/Captura-de-pantalla-2026-03-06-125614-223x300.png 223w\" sizes=\"auto, (max-width: 334px) 100vw, 334px\" \/><span aria-hidden=\"true\" class=\"wp-block-cover__background has-primary-background-color has-background-dim-70 has-background-dim\"><\/span><div class=\"wp-block-cover__inner-container is-layout-flow wp-block-cover-is-layout-flow\">\n<h3 class=\"wp-block-heading sombra-texto has-white-color has-text-color has-medium-font-size\">Diagnosis y soluciones<\/h3>\n<\/div><\/div>\n<\/div>\n\n\n\n<div class=\"wp-block-column is-layout-flow wp-block-column-is-layout-flow\" style=\"padding-top:0;padding-right:0;padding-bottom:0;padding-left:0\">\n<div class=\"wp-block-cover has-custom-content-position is-position-bottom-left\" style=\"padding-top:var(--wp--preset--spacing--small);padding-right:var(--wp--preset--spacing--x-small);padding-bottom:var(--wp--preset--spacing--small);padding-left:var(--wp--preset--spacing--x-small)\"><img loading=\"lazy\" decoding=\"async\" width=\"345\" height=\"462\" class=\"wp-block-cover__image-background wp-image-68 size-full\" alt=\"\" src=\"https:\/\/talleresjuaniayora.com\/wp-content\/uploads\/2026\/03\/Captura-de-pantalla-2026-03-06-125629.png\" data-object-fit=\"cover\" srcset=\"https:\/\/talleresjuaniayora.com\/wp-content\/uploads\/2026\/03\/Captura-de-pantalla-2026-03-06-125629.png 345w, https:\/\/talleresjuaniayora.com\/wp-content\/uploads\/2026\/03\/Captura-de-pantalla-2026-03-06-125629-224x300.png 224w\" sizes=\"auto, (max-width: 345px) 100vw, 345px\" \/><span aria-hidden=\"true\" class=\"wp-block-cover__background has-primary-background-color has-background-dim-70 has-background-dim\"><\/span><div class=\"wp-block-cover__inner-container is-layout-flow wp-block-cover-is-layout-flow\">\n<h3 class=\"wp-block-heading sombra-texto has-white-color has-text-color has-medium-font-size\">Reparaci\u00f3n de frenos y suspensi\u00f3n<\/h3>\n<\/div><\/div>\n<\/div>\n\n\n\n<div class=\"wp-block-column is-layout-flow wp-block-column-is-layout-flow\" style=\"padding-top:0;padding-right:0;padding-bottom:0;padding-left:0\">\n<div class=\"wp-block-cover has-custom-content-position is-position-bottom-left\" style=\"padding-top:var(--wp--preset--spacing--small);padding-right:var(--wp--preset--spacing--x-small);padding-bottom:var(--wp--preset--spacing--small);padding-left:var(--wp--preset--spacing--x-small)\"><img loading=\"lazy\" decoding=\"async\" width=\"329\" height=\"462\" class=\"wp-block-cover__image-background wp-image-67 size-full\" alt=\"\" src=\"https:\/\/talleresjuaniayora.com\/wp-content\/uploads\/2026\/03\/Captura-de-pantalla-2026-03-06-125634-e1772798482319.png\" data-object-fit=\"cover\"\/><span aria-hidden=\"true\" class=\"wp-block-cover__background has-primary-background-color has-background-dim-70 has-background-dim\"><\/span><div class=\"wp-block-cover__inner-container is-layout-flow wp-block-cover-is-layout-flow\">\n<h3 class=\"wp-block-heading sombra-texto has-white-color has-text-color has-medium-font-size\">Servicio de neum\u00e1ticos y equilibrado<\/h3>\n<\/div><\/div>\n<\/div>\n<\/div>\n\n\n\n<div class=\"wp-block-buttons is-content-justification-center is-layout-flex wp-container-core-buttons-is-layout-a89b3969 wp-block-buttons-is-layout-flex\">\n<div class=\"wp-block-button is-style-outline is-style-outline--1\"><a class=\"wp-block-button__link wp-element-button\" href=\"https:\/\/talleresjuaniayora.com\/?page_id=5574\" style=\"border-radius:0px;font-style:normal;font-weight:600\">Todos los servicios<\/a><\/div>\n<\/div>\n<\/div>\n\n\n\n<div class=\"wp-block-group alignfull has-global-padding is-layout-constrained wp-block-group-is-layout-constrained\">\n<div class=\"wp-block-group has-global-padding is-layout-constrained wp-block-group-is-layout-constrained\" style=\"padding-top:var(--wp--preset--spacing--small);padding-bottom:var(--wp--preset--spacing--small)\">\n<div style=\"height:30px\" aria-hidden=\"true\" class=\"wp-block-spacer\"><\/div>\n\n\n\n<div class=\"wp-block-columns is-layout-flex wp-container-core-columns-is-layout-c375d253 wp-block-columns-is-layout-flex\">\n<div class=\"wp-block-column is-vertically-aligned-center is-layout-flow wp-block-column-is-layout-flow\">\n<h2 class=\"wp-block-heading has-medium-font-size\" style=\"text-transform:uppercase\">Sobre nosotros<\/h2>\n\n\n\n<p>Nos ubicamos en:<br>Pol. Industrial San Ant\u00f3n C\/4, Ayora 46620, Valencia<br><br>Cont\u00e1ctanos llamando al 629 68 44 22<br>O enviando un correo a talleresjuani@hotmail.com<\/p>\n\n\n\n<div class=\"wp-block-buttons is-horizontal is-content-justification-left is-layout-flex wp-container-core-buttons-is-layout-20be11b6 wp-block-buttons-is-layout-flex\">\n<div class=\"wp-block-button is-style-outline is-style-outline--2\"><a class=\"wp-block-button__link wp-element-button\" href=\"https:\/\/talleresjuaniayora.com\/?page_id=628\" style=\"border-radius:0px;font-style:normal;font-weight:600\">Contacto<\/a><\/div>\n<\/div>\n\n\n\n<p><\/p>\n<\/div>\n\n\n\n<div class=\"wp-block-column is-layout-flow wp-block-column-is-layout-flow\">\n<iframe src=\"https:\/\/www.google.com\/maps\/embed?pb=!1m18!1m12!1m3!1d6196.600688368907!2d-1.0524779606662407!3d39.0540690759778!2m3!1f0!2f0!3f0!3m2!1i1024!2i768!4f13.1!3m3!1m2!1s0xd6139042f025535%3A0xc1070aef50e62ac!2sTalleres%20Juani!5e0!3m2!1ses!2ses!4v1775121963628!5m2!1ses!2ses\" width=\"600\" height=\"450\" style=\"border:0;\" allowfullscreen=\"\" loading=\"lazy\" referrerpolicy=\"no-referrer-when-downgrade\"><\/iframe>\n<\/div>\n<\/div>\n\n\n\n<div style=\"height:30px\" aria-hidden=\"true\" class=\"wp-block-spacer\"><\/div>\n<\/div>\n<\/div>\n\n\n\n<p><\/p>\n","protected":false},"excerpt":{"rendered":"<p>Con\u00f3zcanos Nuestros servicios En Talleres Juani, ofrecemos una amplia variedad de servicios para cubrir tus necesidades, como: Sobre nosotros Nos ubicamos en:Pol. Industrial San Ant\u00f3n C\/4, Ayora 46620, Valencia Cont\u00e1ctanos llamando al 629 68 44 22O enviando un correo a talleresjuani@hotmail.com<\/p>\n","protected":false},"author":1,"featured_media":0,"parent":0,"menu_order":0,"comment_status":"closed","ping_status":"closed","template":"page-templates\/full-width-transparent.php","meta":{"inspiro_hide_title":false,"footnotes":""},"class_list":["post-6922","page","type-page","status-publish","hentry"],"_links":{"self":[{"href":"https:\/\/talleresjuaniayora.com\/index.php?rest_route=\/wp\/v2\/pages\/6922","targetHints":{"allow":["GET"]}}],"collection":[{"href":"https:\/\/talleresjuaniayora.com\/index.php?rest_route=\/wp\/v2\/pages"}],"about":[{"href":"https:\/\/talleresjuaniayora.com\/index.php?rest_route=\/wp\/v2\/types\/page"}],"author":[{"embeddable":true,"href":"https:\/\/talleresjuaniayora.com\/index.php?rest_route=\/wp\/v2\/users\/1"}],"replies":[{"embeddable":true,"href":"https:\/\/talleresjuaniayora.com\/index.php?rest_route=%2Fwp%2Fv2%2Fcomments&post=6922"}],"version-history":[{"count":17,"href":"https:\/\/talleresjuaniayora.com\/index.php?rest_route=\/wp\/v2\/pages\/6922\/revisions"}],"predecessor-version":[{"id":7026,"href":"https:\/\/talleresjuaniayora.com\/index.php?rest_route=\/wp\/v2\/pages\/6922\/revisions\/7026"}],"wp:attachment":[{"href":"https:\/\/talleresjuaniayora.com\/index.php?rest_route=%2Fwp%2Fv2%2Fmedia&parent=6922"}],"curies":[{"name":"wp","href":"https:\/\/api.w.org\/{rel}","templated":true}]}}